*(-3 - 2). What is i(h)?
2
Let u = 103 - 95. Let t(x) = x**2 - 6*x + 3. Determine t(u).
19
Suppose -41 = -2*r + 5*u, -4*r + 5*u + 1 = -7*r. Let a(h) = -h + 6. Calculate a(r).
-2
Suppose 4 = h + 5. Let d be -1 + 4 + 2/h. Let c(k) = 9*k - 1. Give c(d).
8
Suppose 2*v = 6, -2*t = 3*t - 5*v. Suppose -3*k + 2*n = -0*k - 24, -5*n + 8 = k. Let i(j) = 0 - 3*j**2 + 2*j**2 + k + j**t. Determine i(0).
8
Let w(h) be the third derivative of h**6/120 + h**5/20 - h**4/8 - h**3 + 14*h**2. Give w(-4).
-10
Suppose 0 = 3*k - 6 + 3. Let r(m) be the third derivative of 0*m + 0 + 1/3*m**3 - 1/24*m**4 - m**2. Calculate r(k).
1
Let n(l) = l**3 - 5*l**2 + l + 1. Let t be n(5). Let i(z) = -3*z**3 - 7 + 8*z - 7*z**2 + 4*z**3 + 0*z. What is i(t)?
5
Let a(n) = -n**3 - 10*n**2 - 9*n + 4. Let l be a(-9). Suppose w - 12 = l*w. Let i(y) = y**2 + 5*y + 1. Give i(w).
-3
Let p(g) = g**3 - 5*g**2 + 3*g + 1. Let z = 5 + 2. Suppose v - 2*r + z = -0*r, r - 17 = -4*v. Determine p(v).
-8
Let q(v) = -v**3 - 3*v**2 + 3*v - 3. Let o be q(-4). Let y(x) = 6*x. What is y(o)?
6
Let s(w) = -w**2 - 5*w - 8. Let r(q) = 2*q**2 + 10*q + 17. Let g(m) = 3*r(m) + 7*s(m). Let l be (5/(-3))/((-1)/(-3)). What is g(l)?
-5
Suppose -4*u + 2 = -2. Let o(j) = 0 - j + 4 - u. Calculate o(3).
0
Let g(t) = -63*t + 36*t - 8 + 31*t. Calculate g(6).
16
Let o be ((-10)/4 + 3)*6. Let x be -12*(-1 + 2/3). Let r(w) = w + x - 2*w - 1. Give r(o).
0
Let o(c) = -c**2 - 3*c + 4. Suppose 5*x - 2 = -m, m - 9 = 4*m. Let d(q) = q**3 + q - 5. Let z be d(0). Let r be (z*(2 - x))/1. Calculate o(r).
-6
Let b(t) be the third derivative of t**4/24 + 2*t**3/3 + 184*t**2. Let r = 13 - 3. Suppose 5 = -5*u - r. Give b(u).
1
Let x = 7 + -19. Let o = 11 + x. Let m(q) = -8*q**2 - 5*q - 2. Let j(c) = 12*c**2 + 8*c + 3. Let d(n) = 5*j(n) + 8*m(n). What is d(o)?
-5
Let z(n) = 7*n**2 + 2*n + 6. Let o(h) = -6*h**2 - 2*h - 5. Let t(x) = -6*o(x) - 5*z(x). Suppose -6 = -w + 14. Let b be (-48)/w + 4/10. What is t(b)?
0
Let g(l) = -2*l**3. Let a(j) = -j**2 - 3*j + 5. Let x be a(-4). Give g(x).
-2
Let q(n) = 14*n**2 + 2*n - 3. Suppose -5*l + 3*l + 60 = 0. Let z be l/(-7) - (-2)/7. Let d(s) = -14*s**2 - 3*s + 4. Let u(a) = z*d(a) - 5*q(a). Calculate u(1).
-13
Let j(h) = -7*h + 0 + 1 + 13*h. Calculate j(1).
7
Let k(x) be the first derivative of x**2/2 + 4. Calculate k(-6).
-6
Let j(v) be the first derivative of -v**4/4 + 8*v**3/3 - 3*v**2 - 9*v - 7. Give j(7).
-2
Let v(s) = -s**2 + 4*s + 7. Let z(u) = -2*u**3 + u**3 + 8 + 4*u**2 - 2 + u**2. Let h be z(5). Calculate v(h).
-5
Let h(u) = -u**3 + u**2. Let d be h(-2). Suppose -w + d = -2*x - 2*w, -3*x + 2*w = 11. Let o(j) = -3 + 2 - 2*j - 4. Give o(x).
5
Let b(a) = -a**2 + 12*a + 2. Let v be b(12). Let c(h) = h**3 - h**2 - 2*h + 1. Give c(v).
1
Let q(o) = 2*o**2 + o - 2. Let r(g) = -g + 3. Let t be r(0). Suppose 3*y - 2*i - 26 = 0, -3*y - i - t*i + 2 = 0. Suppose -y*n - 10 = -n. What is q(n)?
4
Suppose -3*r + 2*l = 5 - 21, -4*r - 3*l + 10 = 0. Suppose a + r = -a. Let s(o) = 3*o**2 + o - 2. Give s(a).
8
Suppose 2 = n - 2*n. Let v(q) = q**3 + 2*q**2 - 2. Let d be v(n). Let o(a) be the first derivative of -a**4/4 + a**3/3 + 3*a**2/2 + 3*a + 1. Determine o(d).
9
Let j(m) = -3*m - 8. Suppose -7*w + 2*w + 30 = 0. Calculate j(w).
-26
Suppose 3*t + 2*t - 20 = 0. Let d = t - 2. Let h(a) = a**3 - 2*a**2 + a - 1. Calculate h(d).
1
Let f(l) = -5*l - l**2 + 2*l + 2 - 3*l + 0*l. Calculate f(-5).
7
Let f(z) = -z. Let j(n) be the second derivative of -n**3/3 - 3*n**2/2 + 2*n. Let p(o) = -5*f(o) - j(o). Let s = 0 + -2. Calculate p(s).
-11
Let j(i) = 7*i**2 + 12*i - 5. Let q(d) = 10*d**2 + 18*d - 7. Let m(g) = 7*j(g) - 5*q(g). Let k be 196/(-42) - (-2)/3. What is m(k)?
8
Let f be (-8)/6*27/18. Let l(h) = -h**2 - h - 2. Let c(v) = -2. Let u(a) = -2*c(a) + 3*l(a). Calculate u(f).
-8
Let z be (-38)/8 + (-5)/20. Let r(y) = -y**3 + 6*y**2 + 3*y - 4. Let b(d) = 2*d**3 - 6*d**2 - 2*d + 5. Let u(k) = -2*b(k) - 3*r(k). Give u(z).
2
Let u be (-3)/(-15) + (-21)/5. Let l(h) = 5*h**2 + 9*h + 6. Let p(w) = w**2 + w + 1. Let f(c) = l(c) - 4*p(c). Give f(u).
-2
Let s(v) be the second derivative of 1/10*v**5 + 1/6*v**4 + 5*v + v**2 + 0 + 1/3*v**3. Give s(-2).
-10
Let c(f) = -f - 1. Let z(a) = 4*a + 1. Let r(y) = -6*c(y) - 6*z(y). Determine r(-1).
18
Let i(a) = a**3 - 7*a**2 - 5*a - 11. Suppose 0 = 5*n - 4*k - 48, 2*n - 3*k = n + 14. Calculate i(n).
13
Let d = 69 + -37. Let f be (d/12)/((-2)/(-3)). Let o(u) = 9 - 4*u - u + 4*u. Determine o(f).
5
Let p(o) = 23*o - 77*o - 1 + 27*o + 29*o + 4. Let a be (2/4)/(2/(-4)). Let y be a + 1 + -1*5. Give p(y).
-7
Let f be (-4)/(-10)*5 - 0. Suppose -f*y - 2 = -y. Let x(v) = -3*v**2 - 2*v + 3. Let i(r) = -r**2 - r. Let w(s) = -6*i(s) + x(s). Give w(y).
7
Let q be (-4)/((-12)/(-3)) - -3. Let v(f) = -2*f**3 + 3*f**2 - f - 1. What is v(q)?
-7
Let m(z) be the third derivative of -z**7/5040 + 7*z**6/720 + z**5/15 + z**2. Let g(p) be the third derivative of m(p). Calculate g(0).
7
Suppose j = 1 - 6. Suppose 2*x + 2 = 3*x. Let n(i) = -i**3 + x*i**2 - 6*i**2 - i + 7*i + 3. What is n(j)?
-2
Suppose 0 = -3*h + 7 - 1. Let y(k) = -3*k - 1. Give y(h).
-7
Suppose -3*l = -7*l + 12. Let b(i) = 2*i**2 - 2*i - 2. Determine b(l).
10
Let d(a) = a**3 - 6*a**2 + 7*a - 4. Let j = -14 - -32. Let o be (-3)/(-6) - j/(-4). Suppose -r + 3*b = -11, -4*r + 4*b + 23 = -o. Calculate d(r).
6
Suppose 2*v - 5*r = 4*v - 4, -3*v - 5*r = -6. Suppose 0 = 3*f - 2*o + 27, -3*o - 2*o = v*f + 18. Let h be 4*f/(-12)*-2. Let t(k) = k + 6. Calculate t(h).
0
Let x be 4*2/8 - 1. Let b(r) = -r**3 + r**2 + 3. Determine b(x).
3
Suppose 4*x + 32 = -4*w, -3*w - 5 = 5*x + 29. Let d(o) = -o - 6. What is d(w)?
-3
Let b(r) = -r - 1. Let i(u) = 5*u + 6. Let x(z) = -3*b(z) - i(z). Give x(-2).
1
Let t(q) = q**3 + 3*q**2 + 6*q + 3. Let a(o) = -3*o**3 - 9*o**2 - 17*o - 9. Let b(g) = -3*a(g) - 8*t(g). Determine b(-3).
-6
Let q(s) = 5*s + 2 - 8*s - 4*s + 8*s. What is q(-3)?
-1
Let y(s) be the first derivative of -s**3/3 - 3*s**2/2 + 3*s - 4. Suppose 10 = 4*u - 9*u, 4*g + 3*u - 2 = 0. What is y(g)?
-7
Let k(h) = -3*h + 23. Let n(r) = -4*r + 27. Let m(p) = -7*k(p) + 6*n(p). Suppose -4*t + 1 = -3*t. Let u = 2 - t. Give m(u).
-2
Let p be 13 + (-3)/(2 - -1). Let x = 12 - p. Let c(f) be the first derivative of f**4/4 + f**2/2 - 6*f + 2. Determine c(x).
-6
Suppose -y = 5*j - 12, 4 = -0*j + j + y. Let c(p) = -3*p**2 - 3*p + 2*p + p**j. Let m(a) = 2*a + 1. Let i be m(-1). Determine c(i).
-1
Let z(t) = t**3 - 4*t**2 + 2*t - 2. Let x = 3 - -1. Calculate z(x).
6
Let f(k) = 5*k**3 + 4*k**2 - k + 1. Let g(q) = 6*q**3 + 5*q**2 - q + 1. Let y = -10 + 14. Let l(j) = y*g(j) - 5*f(j). Calculate l(2).
-7
Let j = 2 + 1. Let m be 9/(-3) - (-2 + j). Let b(r) be the third derivative of r**5/60 + r**4/12 - r**3/3 + r**2. Give b(m).
6
Let u(z) = -z**2 + 3*z + 4. Let k be u(4). Let n(l) = -l + 3. Determine n(k).
3
Let p be (-279)/(-45) - 1/5. Let v(i) = p + 3*i - 4*i - 3*i + 3*i. Give v(0).
6
Let q(n) = n**3 - 10*n**2 + 7*n + 7. Let c be 66/7 - (-27)/(-63). Give q(c).
-11
Suppose 14 = k - 5*d + d, k + 4*d = -2. Let h(f) = f**2 - 1. Let m = -3 + 4. Let p(n) = -4*n**2 - n + 6. Let i(l) = k*h(l) + m*p(l). Calculate i(1).
1
Let r be 1 + (0 - (-7 - 0)). Suppose -5*f - 27 = -2*f. Let p = r + f. Let w(s) = -7*s. Calculate w(p).
7
Let q(u) be the third derivative of u**5/60 - 7*u**4/24 + 4*u**3/3 - 22*u**2. Give q(6).
2
Let j(b) = b + 1. Let l(y) = -y - 6. Let z(m) = 2*j(m) + l(m). Suppose -9 = 3*a + 6. Give z(a).
-9
Let g(a) be the first derivative of -a**6/360 - a**5/40 + 7*a**4/24 - 8*a**3/3 + 3. Let r(f) be the third derivative of g(f). Let s = -1 - 4. What is r(s)?
-3
Suppose 4*j - 8 = 0, -3 = 5*k - j - 11. Suppose 5*p - k*c + 25 = 0, p = 4*p - 4*c + 15. Let h(x) = -x**2 - 5*x - 2. What is h(p)?
-2
Let f(n) = -4*n**3 - n**2 + 1. Let k(i) = -2*i - 6. Let c be k(-5). Suppose -h + 7 = 3*l, -c = -h - 0*h. Calculate f(l).
-4
Let r be 20/(-1)*(-3)/6. Let t be (4/r)/(6/(-60)). Let x(j) = -j**3 - 5*j**2 - 6*j - 6. What is x(t)?
2
Let v(b) be the second derivative of -3*b**5/5 - b. Give v(1).
-12
Let v = -2 + 4. Let a(z) be the first derivative of z**4/4 + z**3/3 - z**2/2 + 4. Calculate a(v).
10
Let d be (-1)/(2/(-4) + 1). Let p(u) = 11*u**3 - 7*u**2 + 13*u - 5. Let s(y) = -5*y**3 + 3*y**2 - 6*y + 2. L